). Suppose -2*n + 0*n = -o*a - 335, -5*n + 818 = -a. Is n a prime number?
True
Let k be 3291/2 - 2/(-4). Let v = k + -2759. Is v/(-5) + 4/10 a composite number?
False
Let i(d) be the second derivative of 2*d + 0*d**2 + 0 - 31/6*d**3. Is i(-5) composite?
True
Suppose -10 = 4*m + 50. Is -129*(-2 - m/9) prime?
True
Let b = -204 + 261. Is b a prime number?
False
Suppose -5*r - 2498 + 48 = 0. Let p = r + 699. Suppose 2*i - 5*q - 175 = 0, 2*i - 4*q + 35 - p = 0. Is i composite?
True
Suppose -17*a - 249 = -20*a. Is a a composite number?
False
Suppose 2*u - 16 = 22. Suppose -2*a = -3*a + u. Is a composite?
False
Let z(s) = 451*s**2 - s - 19. Is z(4) a composite number?
False
Let n = 48 - 32. Suppose 7 = 3*p - 5, -n = 4*s + 4*p. Let l = 29 - s. Is l a composite number?
False
Suppose 0 = 4*p + p + 1245. Is -14*(-3)/(-18)*p a prime number?
False
Let q(m) = 226*m + 3. Suppose d + 2*f - 4 = 0, d + f = 4*f + 4. Is q(d) a composite number?
False
Suppose -5*m = 70 - 15. Let a = m + 16. Suppose a*d - 32 - 63 = 0. Is d composite?
False
Let x(j) = 252*j - 15. Is x(4) composite?
True
Suppose -3*c = 0, 5*y - 312 = y - 2*c. Let r = -45 + y. Is r a composite number?
True
Suppose -10*m + 9*m + 41 = 0. Suppose -7*n + 2*n = r + 6, -r + 10 = n. Let s = r + m. Is s prime?
False
Suppose 0 = 4*a + 5*t + 2, 6 + 8 = 5*a - 2*t. Suppose c + 6*f = a*f + 187, 4*f + 422 = 2*c. Is c composite?
True
Suppose 3*v - 1456 = 5045. Is v composite?
True
Suppose -2*x = -4*i + 3*i - 5, -2*x = 4*i. Let o be 34/10 - 4/10. Suppose g - x*g = -5*b + 125, -o*g = 0. Is b a prime number?
False
Let r(s) = s**2 - 3*s + 4. Let k be r(3). Let c(d) = -12*d - 5. Let a be c(-8). Suppose -k*n + 186 = 2*t, -t - 2*n + n = -a. Is t composite?
False
Suppose 4*g - 24 = -552. Let u = g + 685. Is u composite?
True
Let q(t) = 2*t**2 + t - 5. Is q(-10) a prime number?
False
Let p(j) = 14*j**2 - 9*j - 6. Is p(-7) a prime number?
True
Suppose -5*y + y + 24 = -2*k, -5*k - 60 = 2*y. Suppose -2*d - 265 = -5*d - 2*q, 285 = 3*d - 3*q. Let l = d + k. Is l a prime number?
True
Let q be (-4)/10 - (-54)/10. Suppose -3*o - 282 = -5*p, 286 = q*p - 0*o + o. Is p a prime number?
False
Let t = 1147 - 116. Is t composite?
False
Let j(m) = -6*m**2 + m + 13. Let b(v) = 7*v**2 - v - 14. Let x(a) = -5*b(a) - 6*j(a). Is x(-6) a prime number?
False
Let g(w) be the third derivative of -w**4/8 - w**3/6 + 2*w**2. Let v be g(-3). Let n = 21 - v. Is n a prime number?
True
Suppose 3*v - 884 = 259. Is v a prime number?
False
Let h = -9 + 11. Is ((-299)/h)/((-3)/6) a prime number?
False
Suppose -30 = -4*g - 10. Suppose 0 = -2*c - g*l + 119, 3*c + 5*l - 3*l - 173 = 0. Is c prime?
False
Suppose -3*h + 4*k - 3*k + 500 = 0, -10 = 2*k. Suppose -3*w = 2*w - h. Is w a composite number?
True
Suppose 4*b - 17 = 7. Let h = 9 - b. Suppose 97 + 10 = h*v - t, -25 = -v - 5*t. Is v composite?
True
Suppose 0 = 4*g + 1 - 5. Let s(h) = 82*h**3 + h**2 - h + 1. Is s(g) a composite number?
False
Suppose -g + 15 = 4*z, 6*g + 3 = 2*g + 5*z. Is g a composite number?
False
Suppose 9 = 2*f + f, -5*g + f = 43. Let r(t) = 2*t**2 - 2*t + 1. Is r(g) a prime number?
False
Suppose 5*q = -l + 138, l - 110 = -0*l + 2*q. Let t = 183 + -114. Let a = l - t. Is a composite?
True
Suppose 5*y = 2*y + 267. Is y a composite number?
False
Let i be -48*((-35)/3 - -2). Suppose 4*a = -g + 439, 0 = 4*a - 7*g + 3*g - i. Is ((-1)/3)/((-1)/a) a composite number?
False
Is (-1966)/(-2 - 3 - -3) prime?
True
Let a be -20*3*2/(-8). Is 94/6 - 10/a a composite number?
True
Let j = 2 + 3. Suppose j*x - 8*d = -3*d + 1110, 2*d = -5*x + 1075. Suppose 2*z = n - 101 - 100, -n = 2*z - x. Is n a prime number?
False
Let c(b) = 5*b**2 - 1. Let g be (-9)/15 - (-51)/(-15). Is c(g) a prime number?
True
Suppose 3*p - 11 = 4. Suppose -p*v + 325 = -705. Is v a prime number?
False
Let p(m) = -m**2 - 7*m + 10. Let c be p(-7). Is (17 - c) + 1*3 a composite number?
True
Let y = -11 + 23. Is 242 + (-4)/(y/9) a prime number?
True
Suppose 0 = 6*i - 2*i - 224. Let n = 143 - i. Suppose 4*f - 61 = n. Is f a prime number?
True
Let f = 7 + -8. Is 1 + (f + 0 - -31) a prime number?
True
Suppose 3 = 4*s + 5*p - 0, -2*p - 8 = -3*s. Suppose 6*m - s*r = 2*m + 234, 3*m - 182 = -5*r. Is m a composite number?
False
Let r = 10 - 6. Suppose -5*q + 240 + 475 = -5*o, 0 = r*q + 3*o - 565. Is q composite?
True
Let r(z) = -z**3 + z**2 - 2*z + 4. Suppose 0 = -2*d - 3*l + 6 + 3, l = 5. Is r(d) prime?
False
Let z(h) = h**2 - 6*h + 5. Let s be z(5). Suppose 2*d + 3*d + 5*c - 85 = s, 4*d + 3*c - 63 = 0. Suppose 2*y - 16 = d. Is y composite?
True
Let j be (-1 - -2)*3 - 3. Suppose j = 3*b - 4*t - 25, b - 4*t + 5 = -0. Is b prime?
False
Let m be -10*1*(-8)/20. Suppose 3*x - 589 = -m*d, 3*d = 5*x + 4*d - 959. Is x a composite number?
False
Let z(v) be the third derivative of 0 + 1/120*v**6 + v**2 - 1/2*v**3 + 0*v - 1/30*v**5 - 1/12*v**4. Is z(4) a composite number?
True
Suppose 6*d - 5*d - 3 = 0. Suppose 1973 = 5*k - d*b + 7*b, -1594 = -4*k + 2*b. Is k composite?
False
Suppose 0 = -10*o + 13*o + 21. Let k = o - -10. Suppose -k*p + 0*f = f - 67, -2*f + 8 = 0. Is p a composite number?
True
Let m(f) = f**2 - 12*f + 11. Let t be m(9). Let y = 55 - t. Suppose 4*s = -4*k + 388, 2*k + 3*s - 125 = y. Is k prime?
False
Suppose -a + 21 + 310 = 0. Suppose 0 = 4*l - 99 + a. Let p = l - -177. Is p a composite number?
True
Suppose 0 = -t - 4*g + 393, 3*t + 2*g - 699 - 470 = 0. Is t prime?
True
Suppose -3*v = -4*z - 11, 0*v + 2*z = -3*v - 19. Let i be 2 - 2*(-2 - v). Is (-53*(-1 - i))/1 a composite number?
False
Let k(o) = -20*o - 3. Let a(w) = w. Let v be a(-5). Let d = v - -2. Is k(d) a composite number?
True
Suppose 0 = -j - 0*j + 187. Is j prime?
False
Let k(g) = -1 + 0 - 5 - 4 - 3*g. Let j be k(-8). Let i = j - 7. Is i a prime number?
True
Suppose 2*f - 626 + 44 = 0. Is f prime?
False
Is 1*(-2 - 1) + 61 prime?
False
Let d(j) = -j + j + 0*j + j - 2*j**2 + 27*j**3. Let w be d(1). Let r = 121 - w. Is r a composite number?
True
Is (-2 - 8/(-5))*-1*745 a composite number?
True
Suppose -43 = -2*b + 1195. Let k = -653 - -267. Let n = b + k. Is n composite?
False
Let g be 3 - 1 - (-8)/(-2). Let z be (-1)/g*760/1. Suppose 0 = p + 3*p - z. Is p a prime number?
False
Suppose 2*a + 11 = -g - a, 2*a = 0. Suppose 0 = -2*i - i. Let j = i - g. Is j a prime number?
True
Let r be 161/35 + (-2)/(-5). Is (-732)/(-20) - (-2)/r composite?
False
Let y(c) be the first derivative of 1/4*c**4 + 4/3*c**3 + c - 2 - 3*c**2. Is y(-5) prime?
False
Let m be (-4 - -1 - -2)*-1. Let i be (-21)/(-12) + m/4. Is i*(387/(-6))/(-3) a composite number?
False
Suppose -l = -3*l + 464. Suppose 0 = 4*o - l - 248. Let q = -69 + o. Is q composite?
True
Suppose -4*r - 32 = -148. Suppose 193 = 3*f - r. Is f composite?
True
Let k(v) = -225*v - 2. Is k(-3) prime?
True
Suppose 17 = -n + 123. Is n prime?
False
Let k be (-4)/(-6)*(-114)/(-4). Suppose -o + k = 4*i, -o = 3*o - 5*i + 8. Let g = 0 + o. Is g a composite number?
False
Suppose -4047 = -5*m + 3*v + 440, -5*m + 4467 = 2*v. Is m prime?
False
Is 10648/33 - 1/(-3) composite?
True
Let f be (-11)/9 + (-4)/(-18). Is (f/(-2))/(1/634) composite?
False
Suppose -2*d + 4 = 2*u + 2, u = -4*d - 8. Suppose -v - t = 2*v - 111, -5*t - 148 = -u*v. Is v composite?
False
Let v = 405 + -663. Is 1 + 5/((-5)/v) a prime number?
False
Suppose -b + 5 = -2*b - 3*o, -2*b + o + 18 = 0. Suppose b*t = 2*t + 6055. Is t a composite number?
True
Let q(w) = 1768*w - 9. Is q(1) prime?
True
Suppose -44 = -4*x - 4*v, x + 2*v - 4*v - 23 = 0. Let n = 160 - x. Is n composite?
True
Suppose 0 = -2*n - 0*n + 6. Let z = n + 8. Is z prime?
True
Let k be (-3)/12 + (-495)/(-12). Suppose -j - k = -160. Is j composite?
True
Let r(m) be the second derivative of m**4/12 + m**3/3 - 3*m**2/2 - 2*m. Is r(4) a composite number?
True
Let o = -3 + 0. Let h be 1/((o/(-2))/3). Is (-1 + 3/h)*134 a composite number?
False
Is ((-5 - -4)*1)/(3/(-1497)) prime?
True
Suppose -5*r + 4*m = -761, -2*r + 2*m + 318 = -3*m. Is r a prime number?
True
Is 7042/18 - 4/18 composite?
True
Let x(l) be the first derivative of l**3/3 + l + 1. Let m be x(0). Is 49 - (-2 - (-2)/m) prime?
False
Suppose -3*f = f + 16. Let d(o) = -14*o - 5. Is d(f) a prime number?
False
Let y(x) = 17*x**2 - 3*x + 3. Is y(5) composite?
True
Let v = -118 -